t is b(3)?
20
Suppose 4*t = -5*r - 30, 2*r + 21 = -3*t - r. Let b(m) = m**3 + 6*m**2 + 6*m + 1. Calculate b(t).
-4
Suppose -14 = -5*g - 4. Let l(c) = -3*c**2 - g*c**2 + 7 + 4*c**2 - 4*c - 3. Determine l(-4).
4
Let y(t) be the third derivative of -7/6*t**3 + 0*t - 1/24*t**4 + 0 - t**2. What is y(0)?
-7
Suppose -8*u = q - 4*u - 4, -5*q - u = -20. Let a = 9 - q. Let v(h) be the first derivative of h**3/3 - 3*h**2 - h + 1. Determine v(a).
-6
Suppose 3*i - 7 = -0*i + o, 0 = 5*i + 4*o - 6. Suppose i*f + 8 = -2*f. Let v(j) = -2*j**2. Calculate v(f).
-8
Suppose 2*d = 5*t - 9, 8 = -5*d + 3*t - 5. Let v(r) = -r. Give v(d).
2
Let t = 98 - 104. Let z(y) = y - 3. What is z(t)?
-9
Let p = 110 - 116. Let d(g) = g + 5. Give d(p).
-1
Suppose -5*w + 22 = 2*u, 3*w + 4*u - 24 = -2*w. Let v(a) = -a**2 + 5*a + 5. Determine v(w).
9
Suppose 4*a = 5*a. Let m(z) = a - z + 1 + 0*z + 1. Let r be 6/(0 + 3/(-2)). Calculate m(r).
6
Let o(u) be the third derivative of -1/8*u**4 - 1/10*u**5 + 0*u + 7/6*u**3 + 0 - 2*u**2 - 1/120*u**6. Let c be (-2 + -2 + -1)/1. Give o(c).
-3
Let z(y) = 7*y - 2. Let d(g) = 8*g - 3. Let r(l) = -3*d(l) + 4*z(l). Determine r(-6).
-23
Let g(a) be the first derivative of -a**3/3 + 4*a - 1. Suppose 4*d = -6*u + 2*u + 8, -u - 2 = 0. Calculate g(d).
-12
Let k(d) be the third derivative of d**6/120 - d**5/20 - d**4/8 - 2*d**3/3 - 3*d**2. What is k(4)?
0
Let m(x) be the first derivative of x**7/840 + x**6/72 + x**5/24 + x**4/12 - 5*x**3/3 + 4. Let z(j) be the third derivative of m(j). Give z(-3).
5
Let j = 14 - 6. Let h(o) = 2*o - 5. Determine h(j).
11
Let g(o) be the second derivative of -o**7/2520 - o**6/720 + o**5/20 - o**4/6 + 2*o. Let f(b) be the third derivative of g(b). Determine f(0).
6
Let b(c) be the second derivative of c**4/12 - 2*c**3/3 - 3*c**2/2 - 7*c. What is b(5)?
2
Let g = -4 + 5. Let q(x) = x**3 - x**2 - x + 1. Calculate q(g).
0
Let x(h) = h**3 - 2*h**2 + 1. Suppose -3*p + f = -2, -4*f = -2*p + 1 - 3. What is x(p)?
0
Let p be ((-42)/15)/(6/(-15)). Let r(c) = c**3 + 17 - 10 - 3*c - p*c**2 + c**2. Calculate r(6).
-11
Let o be 3*-3*4/3. Let q = o + 6. Let j(h) = h**2 + 4*h - 8. What is j(q)?
4
Suppose 2*q = -3*q. Let k = q - -2. Let n(r) = -3*r**2 - 264*r - 2 + 5*r**3 - 4*r**3 + 540*r - 274*r. Calculate n(k).
-2
Suppose 15 = -3*f + 3*b, 7*f = 4*f + 4*b - 19. Let t(i) = 2*i + 5. Let v(r) = 6*r + 14. Let s(d) = -11*t(d) + 4*v(d). Determine s(f).
-1
Let i be (3 + -4)/((-2)/(-12)). Let j(s) = 3*s + 4. Calculate j(i).
-14
Let b(z) be the second derivative of 1/12*z**4 + 0 + 7/2*z**2 - 1/6*z**3 - 4*z. What is b(0)?
7
Let i(h) = h**3 - 3*h**2 - 3*h - 4. Let o be i(4). Let t(z) = -z**2 + 3. Let p be t(0). Let f(g) = o - g + g**p + 3*g**2 - g**2 - 1. Give f(-1).
1
Let b(c) = 5 + 2*c - 4 + 5 - 3. Let h be 57/(-21) + (-6)/21. What is b(h)?
-3
Suppose 5*x + 3*p = -3, -5*x + 4 = 5*p - 1. Let q(g) = 4*g + 10. Let v(j) = -1. Let b(s) = -q(s) - 6*v(s). Calculate b(x).
8
Let a(g) be the first derivative of g**4/4 - g**3 - g**2 + 3*g + 4. Determine a(3).
-3
Let b(m) be the third derivative of 17*m**5/60 - m**4/24 - 8*m**2 - 4*m. What is b(1)?
16
Let y(j) be the second derivative of -j**7/840 - j**6/120 + j**5/40 - j**4/24 - 5*j**3/6 + j. Let m(x) be the second derivative of y(x). Calculate m(-3).
-10
Let z(j) be the second derivative of j**5/20 + 2*j**4/3 + 3*j**3/2 + 7*j**2/2 + 3*j. Give z(-7).
-7
Let p(a) = a**3 + 19*a - 4 + 15*a - 5 + 7*a**2 - 42*a. Determine p(-8).
-9
Let k(u) be the third derivative of u**7/2520 + u**6/720 + u**5/30 + 4*u**2. Let w(t) be the third derivative of k(t). Determine w(5).
11
Let q(m) = m - 4. Let x(j) = -3*j + 13. Let d be x(6). Let v(n) = -n**2 - 3*n + 12. Let s be v(d). Give q(s).
-2
Suppose -5*x - 6 = 24. Let m(s) = -s + 2. Let p be m(x). Let o(k) = -k + 8. Let v be o(p). Let u(n) = -n + 3. What is u(v)?
3
Suppose 0 = 2*w + 4*b + 20, -w = 3*w + b + 12. Let n(k) = 2*k**3 + 2*k**2 - 2*k - 3. Calculate n(w).
-7
Let b = 6 - 4. Let w be (b/4)/(2/20). Let s(d) = -d**2 + 7*d - 4. Give s(w).
6
Suppose 4*n + 6*p - 3*p - 7 = 0, n - p - 7 = 0. Let y(m) be the third derivative of 0 + 1/4*m**4 - 1/60*m**5 + 0*m - 2*m**2 - 2/3*m**3. What is y(n)?
4
Let v(h) = -h**3 - h**2 + h. Let g(d) = d. Let j(r) = g(r) - 2*v(r). Let p be j(1). Let k(w) = -3*w - p*w**2 - 2 + 2*w**2 + 0*w**2. What is k(-4)?
-6
Let z(o) be the second derivative of o**3/6 + 3*o**2/2 + 6*o. Let j be z(-5). Let s(a) = 6*a. What is s(j)?
-12
Let y(i) = -i**3 + 5*i**2 + 8*i - 6. Let g be (7/(-3) - -3)*9. What is y(g)?
6
Let z be -10*(0 + (-1)/(-2)). Let j = -16 + 18. Let a(i) = -i**3 - 6*i**j + 17*i - 23*i + 4 + 0*i**2. What is a(z)?
9
Suppose 6*u - 17 = 2*u - 3*g, -5*u - g + 13 = 0. Suppose u*y = 3*y + 5*o + 2, y + o - 6 = 0. Let p(v) = -10 + y + v + v - 3*v. Determine p(-4).
2
Suppose -3*b - 21 = -4*h, -3*h + 6*h = -2*b + 3. Let d(s) = 5*s**2 - 3 - 4*s + s**h + 2*s - 4*s. Calculate d(-6).
-3
Let b(a) = -a + 16. Let j(m) = 6. Let l(g) = 4*b(g) - 11*j(g). What is l(-2)?
6
Let j = 108 - 104. Let m(i) be the second derivative of i**2 - 1/2*i**3 + 1/12*i**j + 0 + 3*i. Determine m(4).
6
Let k(d) = -3*d**3 + 2*d**2 - 2*d + 1. Let z(g) = -9*g**3 + 6*g**2 - 6*g + 3. Suppose 0 = -0*x - 5*x - 35. Let b(m) = x*k(m) + 2*z(m). What is b(1)?
2
Suppose 0 = -2*y + 4 + 6. Suppose 0 = 5*j - 3*j - 2. Let m(q) = 4*q - j - q**2 - 1 + 1 + 0*q**2. What is m(y)?
-6
Let w = -4 + 8. Suppose -2*q - 10 = 2*h, w*q - 4 + 24 = 4*h. Let s(k) = 2*k + 7. Calculate s(q).
-3
Let i(g) = 12*g**2. Let c be i(-1). Suppose -5*o + 5*f = -5, -4*o - 2*f = -c + 32. Let h(u) = -u**3 - 3*u**2 - u + 1. Determine h(o).
4
Let f be ((-4)/(-10))/((-2)/(-15)). Let d(p) = 4*p**2 - 7*p - 1. Let o(b) = b**2 - 1. Let a(j) = -d(j) + 3*o(j). What is a(f)?
10
Let a(q) = 5*q + 3. Let h(c) = 5*c - 6*c + c - c. Let m be h(3). What is a(m)?
-12
Suppose 3*y - 5 = 4*y. Let m(k) be the first derivative of -k**3/6 + k**2/2 + k + 1. Let t(z) be the first derivative of m(z). Determine t(y).
6
Let g(q) = 0 + 3 + 0*q**2 - 2*q - q**2. Let m(f) = -3*f + 6. Let i be m(3). What is g(i)?
0
Let l(k) = -k**2 + 6*k - 1. Suppose 32 - 8 = 6*c. Suppose c = -0*t + t. What is l(t)?
7
Let i(p) = -4*p**2 + 3*p**2 - 4 - 8*p - 4*p + 2*p. Determine i(-9).
5
Let d be (3/2)/(3/2). Let a(z) = -z**3 - 2*z**2 - z + 5*z**2 + 0*z + d. Let k = 11 + -8. Determine a(k).
-2
Let g be (8/20)/((-1)/10). Let q = g + 7. Let a(u) = 1 - 5*u**3 - 2*u + 2*u - 2*u + 3*u**q. Calculate a(1).
-3
Let j(m) = -m**3 - 14*m**2 - 2*m - 23. Let r be j(-14). Let o(l) = 2*l + 1. Let t(a) = -6*a - 3. Let f(g) = 8*o(g) + 3*t(g). Determine f(r).
-11
Let r = 1 - -2. Let u(q) = 4 - q + 2*q**3 - 3*q**3 + 2*q + r*q**2. Determine u(3).
7
Let r(b) = -b**3 - 8*b**2 - 9*b. Let s(t) = -t**3 - 12*t**2 - 11*t - 7. Let x be s(-11). What is r(x)?
14
Suppose 6*l = l - 25. Let b(r) = r**2 + 5*r - 2. Let j(h) = h**2 + 5*h - 3. Let u(t) = -4*b(t) + 5*j(t). Determine u(l).
-7
Let n(d) = d**3 - 4*d**2 + 2*d - 4. Let a be n(4). Suppose -p = a - 6. Let b(g) = 3*g + 3*g**3 + g - 2*g**3 + 4*g**p. Determine b(-3).
-3
Let i(k) = -1 + k + k**2 + k**2 - 1 - 2*k. Let c(d) = 3*d**2 - 3*d - 4. Let x(b) = 3*c(b) - 5*i(b). Determine x(-2).
2
Let u(r) = r**3 + 8*r**2 + 5*r - 4. Let a(s) = s**3 + 9*s**2 + 5*s - 4. Let j(y) = -2*a(y) + 3*u(y). What is j(-5)?
-4
Let g(u) = -11*u**2 + 5*u + 11. Let s(n) = -5*n**2 + 2*n + 5. Let m(r) = -4*g(r) + 9*s(r). Let c be -1 - (1 - (-1 - -4)). What is m(c)?
-2
Let c(z) = z**2 + 8*z + 3. Let g be -7*(-2 + 0 - -3). Determine c(g).
-4
Let v(l) = -l**2 + 5*l + 3. Let a be v(6). Let k = a - 1. Let f(c) = -66*c - 105. Let n(m) = 5*m + 8. Let h(p) = -2*f(p) - 27*n(p). Calculate h(k).
6
Let v(o) = 3*o**2 + 2*o - 2. Suppose 0*f = -3*f - 6. Calculate v(f).
6
Let u(p) be the second derivative of -p**7/840 - 7*p**6/360 + p**5/40 + 5*p**4/12 + 11*p**3/6 + 2*p. Let q(n) be the second derivative of u(n). Give q(-7).
-11
Suppose -4*d - 2*w = -3*w + 5, 0 = -2*d - 2*w - 10. Let k be 6/2 + 2 + d. Suppose -k - 12 = -3*f. Let j(n) = -2*n + 1. Give j(f).
-9
Let r(l) = -l**2 + 3*l - 1. Let s(b) = -b**2 - b + 8. Let a be s(0). Let m be ((-7)/(14/a))/(-2). Determine r(m).
1
Let x = -2 + 5. Let b(d) = 2*d**2 - 259*d - 261*d + 516*d + 2. What is b(x)?
8
Let b = 5 - 6. Let o(t) = 9*t**3 + 2*t**2 + 6*t + 5. Let f(d